{"id":3941,"date":"2020-06-23T11:38:07","date_gmt":"2020-06-23T09:38:07","guid":{"rendered":"https:\/\/www.bibicomedia.fr\/?page_id=3941"},"modified":"2026-05-05T10:30:40","modified_gmt":"2026-05-05T08:30:40","slug":"accueil","status":"publish","type":"page","link":"https:\/\/www.bibicomedia.fr\/","title":{"rendered":"\u00c0 L&rsquo;AFFICHE"},"content":{"rendered":"\t\t<div data-elementor-type=\"wp-page\" data-elementor-id=\"3941\" class=\"elementor elementor-3941\">\n\t\t\t\t\t\t<div class=\"elementor-inner\">\n\t\t\t\t<div class=\"elementor-section-wrap\">\n\t\t\t\t\t\t\t\t\t<section class=\"elementor-section elementor-top-section elementor-element elementor-element-2076e44 elementor-section-boxed elementor-section-height-default elementor-section-height-default\" data-id=\"2076e44\" data-element_type=\"section\">\n\t\t\t\t\t\t<div class=\"elementor-container elementor-column-gap-default\">\n\t\t\t\t\t\t\t<div class=\"elementor-row\">\n\t\t\t\t\t<div class=\"elementor-column elementor-col-100 elementor-top-column elementor-element elementor-element-e3f4b29\" data-id=\"e3f4b29\" data-element_type=\"column\">\n\t\t\t<div class=\"elementor-column-wrap elementor-element-populated\">\n\t\t\t\t\t\t\t<div class=\"elementor-widget-wrap\">\n\t\t\t\t\t\t<div class=\"elementor-element elementor-element-891ac2d elementor-widget-divider--view-line elementor-widget elementor-widget-divider\" data-id=\"891ac2d\" data-element_type=\"widget\" data-widget_type=\"divider.default\">\n\t\t\t\t<div class=\"elementor-widget-container\">\n\t\t\t\t\t<div class=\"elementor-divider\">\n\t\t\t<span class=\"elementor-divider-separator\">\n\t\t\t\t\t\t<\/span>\n\t\t<\/div>\n\t\t\t\t<\/div>\n\t\t\t\t<\/div>\n\t\t\t\t\t\t<\/div>\n\t\t\t\t\t<\/div>\n\t\t<\/div>\n\t\t\t\t\t\t\t\t<\/div>\n\t\t\t\t\t<\/div>\n\t\t<\/section>\n\t\t\t\t<section class=\"elementor-section elementor-top-section elementor-element elementor-element-7690ab5 elementor-section-boxed elementor-section-height-default elementor-section-height-default\" data-id=\"7690ab5\" data-element_type=\"section\">\n\t\t\t\t\t\t<div class=\"elementor-container elementor-column-gap-default\">\n\t\t\t\t\t\t\t<div class=\"elementor-row\">\n\t\t\t\t\t<div class=\"elementor-column elementor-col-100 elementor-top-column elementor-element elementor-element-ba728ca\" data-id=\"ba728ca\" data-element_type=\"column\">\n\t\t\t<div class=\"elementor-column-wrap elementor-element-populated\">\n\t\t\t\t\t\t\t<div class=\"elementor-widget-wrap\">\n\t\t\t\t\t\t<div class=\"elementor-element elementor-element-dc0c30a elementor-widget elementor-widget-spacer\" data-id=\"dc0c30a\" data-element_type=\"widget\" data-widget_type=\"spacer.default\">\n\t\t\t\t<div class=\"elementor-widget-container\">\n\t\t\t\t\t<div class=\"elementor-spacer\">\n\t\t\t<div class=\"elementor-spacer-inner\"><\/div>\n\t\t<\/div>\n\t\t\t\t<\/div>\n\t\t\t\t<\/div>\n\t\t\t\t<div class=\"elementor-element elementor-element-f0ece51 elementor-arrows-position-inside elementor-pagination-position-outside elementor-widget elementor-widget-image-carousel\" data-id=\"f0ece51\" data-element_type=\"widget\" data-settings=\"{&quot;slides_to_show&quot;:&quot;3&quot;,&quot;navigation&quot;:&quot;both&quot;,&quot;autoplay&quot;:&quot;yes&quot;,&quot;pause_on_hover&quot;:&quot;yes&quot;,&quot;pause_on_interaction&quot;:&quot;yes&quot;,&quot;autoplay_speed&quot;:5000,&quot;infinite&quot;:&quot;yes&quot;,&quot;speed&quot;:500}\" data-widget_type=\"image-carousel.default\">\n\t\t\t\t<div class=\"elementor-widget-container\">\n\t\t\t\t\t<div class=\"elementor-image-carousel-wrapper swiper-container\" dir=\"ltr\">\n\t\t\t<div class=\"elementor-image-carousel swiper-wrapper\">\n\t\t\t\t\t\t\t\t<div class=\"swiper-slide\"><a data-elementor-open-lightbox=\"yes\" data-elementor-lightbox-slideshow=\"f0ece51\" data-elementor-lightbox-title=\"UNE ENVIE FOLLE 9 MAI 2026\" e-action-hash=\"#elementor-action%3Aaction%3Dlightbox%26settings%3DeyJpZCI6MTI0NjAsInVybCI6Imh0dHBzOlwvXC93d3cuYmliaWNvbWVkaWEuZnJcL3dwLWNvbnRlbnRcL3VwbG9hZHNcLzIwMjZcLzAzXC9VTkUtRU5WSUUtRk9MTEUtOS1NQUktMjAyNi5qcGciLCJzbGlkZXNob3ciOiJmMGVjZTUxIn0%3D\" href=\"https:\/\/www.bibicomedia.fr\/index.php\/programmation\/\"><figure class=\"swiper-slide-inner\"><img class=\"swiper-slide-image\" src=\"https:\/\/www.bibicomedia.fr\/wp-content\/uploads\/2026\/03\/UNE-ENVIE-FOLLE-9-MAI-2026-768x1086.jpg\" alt=\"UNE ENVIE FOLLE 9 MAI 2026\" \/><\/figure><\/a><\/div><div class=\"swiper-slide\"><a data-elementor-open-lightbox=\"yes\" data-elementor-lightbox-slideshow=\"f0ece51\" data-elementor-lightbox-title=\"16 MAI HINDE\" e-action-hash=\"#elementor-action%3Aaction%3Dlightbox%26settings%3DeyJpZCI6MTI0NjEsInVybCI6Imh0dHBzOlwvXC93d3cuYmliaWNvbWVkaWEuZnJcL3dwLWNvbnRlbnRcL3VwbG9hZHNcLzIwMjZcLzAzXC8xNi1NQUktSElOREUtLmpwZyIsInNsaWRlc2hvdyI6ImYwZWNlNTEifQ%3D%3D\" href=\"https:\/\/www.bibicomedia.fr\/index.php\/programmation\/\"><figure class=\"swiper-slide-inner\"><img class=\"swiper-slide-image\" src=\"https:\/\/www.bibicomedia.fr\/wp-content\/uploads\/2026\/03\/16-MAI-HINDE--768x1086.jpg\" alt=\"16 MAI HINDE\" \/><\/figure><\/a><\/div><div class=\"swiper-slide\"><a data-elementor-open-lightbox=\"yes\" data-elementor-lightbox-slideshow=\"f0ece51\" data-elementor-lightbox-title=\"22-23 MAI TOUJOURS CELIB\" e-action-hash=\"#elementor-action%3Aaction%3Dlightbox%26settings%3DeyJpZCI6MTI0NjIsInVybCI6Imh0dHBzOlwvXC93d3cuYmliaWNvbWVkaWEuZnJcL3dwLWNvbnRlbnRcL3VwbG9hZHNcLzIwMjZcLzAzXC8yMi0yMy1NQUktVE9VSk9VUlMtQ0VMSUIuanBnIiwic2xpZGVzaG93IjoiZjBlY2U1MSJ9\" href=\"https:\/\/www.bibicomedia.fr\/index.php\/programmation\/\"><figure class=\"swiper-slide-inner\"><img class=\"swiper-slide-image\" src=\"https:\/\/www.bibicomedia.fr\/wp-content\/uploads\/2026\/03\/22-23-MAI-TOUJOURS-CELIB-768x1086.jpg\" alt=\"22-23 MAI TOUJOURS CELIB\" \/><\/figure><\/a><\/div><div class=\"swiper-slide\"><a data-elementor-open-lightbox=\"yes\" data-elementor-lightbox-slideshow=\"f0ece51\" data-elementor-lightbox-title=\"12-13 juin je t&#039;aime sur ordonnance\" e-action-hash=\"#elementor-action%3Aaction%3Dlightbox%26settings%3DeyJpZCI6MTI3MzcsInVybCI6Imh0dHBzOlwvXC93d3cuYmliaWNvbWVkaWEuZnJcL3dwLWNvbnRlbnRcL3VwbG9hZHNcLzIwMjZcLzA1XC8xMi0xMy1qdWluLWplLXRhaW1lLXN1ci1vcmRvbm5hbmNlLmpwZyIsInNsaWRlc2hvdyI6ImYwZWNlNTEifQ%3D%3D\" href=\"https:\/\/www.bibicomedia.fr\/index.php\/programmation\/\"><figure class=\"swiper-slide-inner\"><img class=\"swiper-slide-image\" src=\"https:\/\/www.bibicomedia.fr\/wp-content\/uploads\/2026\/05\/12-13-juin-je-taime-sur-ordonnance-768x1086.jpg\" alt=\"12-13 juin je t&#039;aime sur ordonnance\" \/><\/figure><\/a><\/div><div class=\"swiper-slide\"><a data-elementor-open-lightbox=\"yes\" data-elementor-lightbox-slideshow=\"f0ece51\" data-elementor-lightbox-title=\"20 juin dezingueuses\" e-action-hash=\"#elementor-action%3Aaction%3Dlightbox%26settings%3DeyJpZCI6MTI3MzgsInVybCI6Imh0dHBzOlwvXC93d3cuYmliaWNvbWVkaWEuZnJcL3dwLWNvbnRlbnRcL3VwbG9hZHNcLzIwMjZcLzA1XC8yMC1qdWluLWRlemluZ3VldXNlcy5qcGciLCJzbGlkZXNob3ciOiJmMGVjZTUxIn0%3D\" href=\"https:\/\/www.bibicomedia.fr\/index.php\/programmation\/\"><figure class=\"swiper-slide-inner\"><img class=\"swiper-slide-image\" src=\"https:\/\/www.bibicomedia.fr\/wp-content\/uploads\/2026\/05\/20-juin-dezingueuses-768x1086.jpg\" alt=\"20 juin dezingueuses\" \/><\/figure><\/a><\/div><div class=\"swiper-slide\"><a data-elementor-open-lightbox=\"yes\" data-elementor-lightbox-slideshow=\"f0ece51\" data-elementor-lightbox-title=\"27 juin 60 nuances de chris\" e-action-hash=\"#elementor-action%3Aaction%3Dlightbox%26settings%3DeyJpZCI6MTI3MzksInVybCI6Imh0dHBzOlwvXC93d3cuYmliaWNvbWVkaWEuZnJcL3dwLWNvbnRlbnRcL3VwbG9hZHNcLzIwMjZcLzA1XC8yNy1qdWluLTYwLW51YW5jZXMtZGUtY2hyaXMuanBnIiwic2xpZGVzaG93IjoiZjBlY2U1MSJ9\" href=\"https:\/\/www.bibicomedia.fr\/index.php\/programmation\/\"><figure class=\"swiper-slide-inner\"><img class=\"swiper-slide-image\" src=\"https:\/\/www.bibicomedia.fr\/wp-content\/uploads\/2026\/05\/27-juin-60-nuances-de-chris-768x1086.jpg\" alt=\"27 juin 60 nuances de chris\" \/><\/figure><\/a><\/div>\t\t\t<\/div>\n\t\t\t\t\t\t\t\t\t\t\t\t<div class=\"swiper-pagination\"><\/div>\n\t\t\t\t\t\t\t\t\t\t\t\t\t<div class=\"elementor-swiper-button elementor-swiper-button-prev\">\n\t\t\t\t\t\t<i aria-hidden=\"true\" class=\"eicon-chevron-left\"><\/i>\t\t\t\t\t\t<span class=\"elementor-screen-only\">Pr\u00e9c\u00e9dent<\/span>\n\t\t\t\t\t<\/div>\n\t\t\t\t\t<div class=\"elementor-swiper-button elementor-swiper-button-next\">\n\t\t\t\t\t\t<i aria-hidden=\"true\" class=\"eicon-chevron-right\"><\/i>\t\t\t\t\t\t<span class=\"elementor-screen-only\">Suivant<\/span>\n\t\t\t\t\t<\/div>\n\t\t\t\t\t\t\t\t\t<\/div>\n\t\t\t\t<\/div>\n\t\t\t\t<\/div>\n\t\t\t\t<div class=\"elementor-element elementor-element-8fc3243 elementor-widget elementor-widget-spacer\" data-id=\"8fc3243\" data-element_type=\"widget\" data-widget_type=\"spacer.default\">\n\t\t\t\t<div class=\"elementor-widget-container\">\n\t\t\t\t\t<div class=\"elementor-spacer\">\n\t\t\t<div class=\"elementor-spacer-inner\"><\/div>\n\t\t<\/div>\n\t\t\t\t<\/div>\n\t\t\t\t<\/div>\n\t\t\t\t<div class=\"elementor-element elementor-element-7822d6a elementor-widget elementor-widget-heading\" data-id=\"7822d6a\" data-element_type=\"widget\" data-widget_type=\"heading.default\">\n\t\t\t\t<div class=\"elementor-widget-container\">\n\t\t\t<h2 class=\"elementor-heading-title elementor-size-default\">Nous Contacter<\/h2>\t\t<\/div>\n\t\t\t\t<\/div>\n\t\t\t\t<div class=\"elementor-element elementor-element-764c48c elementor-widget-divider--view-line elementor-widget elementor-widget-divider\" data-id=\"764c48c\" data-element_type=\"widget\" data-widget_type=\"divider.default\">\n\t\t\t\t<div class=\"elementor-widget-container\">\n\t\t\t\t\t<div class=\"elementor-divider\">\n\t\t\t<span class=\"elementor-divider-separator\">\n\t\t\t\t\t\t<\/span>\n\t\t<\/div>\n\t\t\t\t<\/div>\n\t\t\t\t<\/div>\n\t\t\t\t\t\t<\/div>\n\t\t\t\t\t<\/div>\n\t\t<\/div>\n\t\t\t\t\t\t\t\t<\/div>\n\t\t\t\t\t<\/div>\n\t\t<\/section>\n\t\t\t\t<section class=\"elementor-section elementor-top-section elementor-element elementor-element-87f1c66 elementor-section-full_width elementor-section-height-default elementor-section-height-default\" data-id=\"87f1c66\" data-element_type=\"section\">\n\t\t\t\t\t\t<div class=\"elementor-container elementor-column-gap-no\">\n\t\t\t\t\t\t\t<div class=\"elementor-row\">\n\t\t\t\t\t<div class=\"elementor-column elementor-col-100 elementor-top-column elementor-element elementor-element-61a89fb1\" data-id=\"61a89fb1\" data-element_type=\"column\">\n\t\t\t<div class=\"elementor-column-wrap elementor-element-populated\">\n\t\t\t\t\t\t\t<div class=\"elementor-widget-wrap\">\n\t\t\t\t\t\t<div class=\"elementor-element elementor-element-fc08e5f elementor-widget elementor-widget-google_maps\" data-id=\"fc08e5f\" data-element_type=\"widget\" data-widget_type=\"google_maps.default\">\n\t\t\t\t<div class=\"elementor-widget-container\">\n\t\t\t\t\t<div class=\"elementor-custom-embed\">\n\t\t\t<iframe frameborder=\"0\" scrolling=\"no\" marginheight=\"0\" marginwidth=\"0\"\n\t\t\t\t\tsrc=\"https:\/\/maps.google.com\/maps?q=35%20Rue%20de%20Ch%C3%A2teaudun%2C%2083700%20Saint-Rapha%C3%ABl&#038;t=m&#038;z=16&#038;output=embed&#038;iwloc=near\"\n\t\t\t\t\ttitle=\"35 Rue de Ch\u00e2teaudun, 83700 Saint-Rapha\u00ebl\"\n\t\t\t\t\taria-label=\"35 Rue de Ch\u00e2teaudun, 83700 Saint-Rapha\u00ebl\"\n\t\t\t><\/iframe>\n\t\t<\/div>\n\t\t\t\t<\/div>\n\t\t\t\t<\/div>\n\t\t\t\t<section class=\"elementor-section elementor-inner-section elementor-element elementor-element-751cf6e8 elementor-section-content-middle elementor-section-boxed elementor-section-height-default elementor-section-height-default\" data-id=\"751cf6e8\" data-element_type=\"section\">\n\t\t\t\t\t\t<div class=\"elementor-container elementor-column-gap-no\">\n\t\t\t\t\t\t\t<div class=\"elementor-row\">\n\t\t\t\t\t<div class=\"elementor-column elementor-col-33 elementor-inner-column elementor-element elementor-element-3879799\" data-id=\"3879799\" data-element_type=\"column\">\n\t\t\t<div class=\"elementor-column-wrap elementor-element-populated\">\n\t\t\t\t\t\t\t<div class=\"elementor-widget-wrap\">\n\t\t\t\t\t\t<div class=\"elementor-element elementor-element-7f1011d9 elementor-widget elementor-widget-heading\" data-id=\"7f1011d9\" data-element_type=\"widget\" data-widget_type=\"heading.default\">\n\t\t\t\t<div class=\"elementor-widget-container\">\n\t\t\t<h6 class=\"elementor-heading-title elementor-size-default\">ADRESSE<\/h6>\t\t<\/div>\n\t\t\t\t<\/div>\n\t\t\t\t<div class=\"elementor-element elementor-element-2783eb89 elementor-widget elementor-widget-text-editor\" data-id=\"2783eb89\" data-element_type=\"widget\" data-widget_type=\"text-editor.default\">\n\t\t\t\t<div class=\"elementor-widget-container\">\n\t\t\t\t\t\t\t\t<div class=\"elementor-text-editor elementor-clearfix\">\n\t\t\t\t<p>35 Rue de Ch\u00e2teaudun, 83700 Saint-Rapha\u00ebl<\/p>\t\t\t\t\t<\/div>\n\t\t\t\t\t\t<\/div>\n\t\t\t\t<\/div>\n\t\t\t\t\t\t<\/div>\n\t\t\t\t\t<\/div>\n\t\t<\/div>\n\t\t\t\t<div class=\"elementor-column elementor-col-33 elementor-inner-column elementor-element elementor-element-53eba001\" data-id=\"53eba001\" data-element_type=\"column\">\n\t\t\t<div class=\"elementor-column-wrap elementor-element-populated\">\n\t\t\t\t\t\t\t<div class=\"elementor-widget-wrap\">\n\t\t\t\t\t\t<div class=\"elementor-element elementor-element-42d97cbb elementor-widget elementor-widget-heading\" data-id=\"42d97cbb\" data-element_type=\"widget\" data-widget_type=\"heading.default\">\n\t\t\t\t<div class=\"elementor-widget-container\">\n\t\t\t<h6 class=\"elementor-heading-title elementor-size-default\">NOS HORAIRES<\/h6>\t\t<\/div>\n\t\t\t\t<\/div>\n\t\t\t\t<div class=\"elementor-element elementor-element-73fbfaac elementor-widget elementor-widget-text-editor\" data-id=\"73fbfaac\" data-element_type=\"widget\" data-widget_type=\"text-editor.default\">\n\t\t\t\t<div class=\"elementor-widget-container\">\n\t\t\t\t\t\t\t\t<div class=\"elementor-text-editor elementor-clearfix\">\n\t\t\t\t<p>Lundi &#8211; Mardi<\/p><p>Jeudi &#8211; Vendredi<\/p><p>10h \u00e0 12h\u00a0<\/p>\t\t\t\t\t<\/div>\n\t\t\t\t\t\t<\/div>\n\t\t\t\t<\/div>\n\t\t\t\t\t\t<\/div>\n\t\t\t\t\t<\/div>\n\t\t<\/div>\n\t\t\t\t<div class=\"elementor-column elementor-col-33 elementor-inner-column elementor-element elementor-element-7be59b78\" data-id=\"7be59b78\" data-element_type=\"column\">\n\t\t\t<div class=\"elementor-column-wrap elementor-element-populated\">\n\t\t\t\t\t\t\t<div class=\"elementor-widget-wrap\">\n\t\t\t\t\t\t<div class=\"elementor-element elementor-element-2bdc37b4 elementor-widget elementor-widget-heading\" data-id=\"2bdc37b4\" data-element_type=\"widget\" data-widget_type=\"heading.default\">\n\t\t\t\t<div class=\"elementor-widget-container\">\n\t\t\t<h6 class=\"elementor-heading-title elementor-size-default\">CONTACT<\/h6>\t\t<\/div>\n\t\t\t\t<\/div>\n\t\t\t\t<div class=\"elementor-element elementor-element-39d3553b elementor-widget elementor-widget-text-editor\" data-id=\"39d3553b\" data-element_type=\"widget\" data-widget_type=\"text-editor.default\">\n\t\t\t\t<div class=\"elementor-widget-container\">\n\t\t\t\t\t\t\t\t<div class=\"elementor-text-editor elementor-clearfix\">\n\t\t\t\t<p>06.95.77.35.59<\/p><p><a href=\"mailto:bibicomedia@orange.fr\">bibicomedia@orange.fr<\/a><\/p>\t\t\t\t\t<\/div>\n\t\t\t\t\t\t<\/div>\n\t\t\t\t<\/div>\n\t\t\t\t\t\t<\/div>\n\t\t\t\t\t<\/div>\n\t\t<\/div>\n\t\t\t\t\t\t\t\t<\/div>\n\t\t\t\t\t<\/div>\n\t\t<\/section>\n\t\t\t\t<div class=\"elementor-element elementor-element-97b2300 elementor-shape-rounded elementor-grid-0 e-grid-align-center elementor-widget elementor-widget-social-icons\" data-id=\"97b2300\" data-element_type=\"widget\" data-widget_type=\"social-icons.default\">\n\t\t\t\t<div class=\"elementor-widget-container\">\n\t\t\t\t\t<div class=\"elementor-social-icons-wrapper elementor-grid\">\n\t\t\t\t\t\t\t<span class=\"elementor-grid-item\">\n\t\t\t\t\t<a class=\"elementor-icon elementor-social-icon elementor-social-icon-facebook-f elementor-animation-grow elementor-repeater-item-9c86cde\" href=\"https:\/\/www.facebook.com\/Lebibicomedia\/\" target=\"_blank\">\n\t\t\t\t\t\t<span class=\"elementor-screen-only\">Facebook-f<\/span>\n\t\t\t\t\t\t<i class=\"fab fa-facebook-f\"><\/i>\t\t\t\t\t<\/a>\n\t\t\t\t<\/span>\n\t\t\t\t\t\t\t<span class=\"elementor-grid-item\">\n\t\t\t\t\t<a class=\"elementor-icon elementor-social-icon elementor-social-icon-google-plus-g elementor-animation-grow elementor-repeater-item-7e1d56b\" target=\"_blank\">\n\t\t\t\t\t\t<span class=\"elementor-screen-only\">Google-plus-g<\/span>\n\t\t\t\t\t\t<i class=\"fab fa-google-plus-g\"><\/i>\t\t\t\t\t<\/a>\n\t\t\t\t<\/span>\n\t\t\t\t\t\t\t<span class=\"elementor-grid-item\">\n\t\t\t\t\t<a class=\"elementor-icon elementor-social-icon elementor-social-icon-instagram elementor-animation-grow elementor-repeater-item-d9a9500\" href=\"https:\/\/www.instagram.com\/bibicomedia83700\/\" target=\"_blank\">\n\t\t\t\t\t\t<span class=\"elementor-screen-only\">Instagram<\/span>\n\t\t\t\t\t\t<i class=\"fab fa-instagram\"><\/i>\t\t\t\t\t<\/a>\n\t\t\t\t<\/span>\n\t\t\t\t\t\t\t<span class=\"elementor-grid-item\">\n\t\t\t\t\t<a class=\"elementor-icon elementor-social-icon elementor-social-icon-envelope elementor-animation-grow elementor-repeater-item-ffd8707\" href=\"https:\/\/follow.it\/bibicomedia?action=followPub\" target=\"_blank\">\n\t\t\t\t\t\t<span class=\"elementor-screen-only\">Envelope<\/span>\n\t\t\t\t\t\t<i class=\"fas fa-envelope\"><\/i>\t\t\t\t\t<\/a>\n\t\t\t\t<\/span>\n\t\t\t\t\t<\/div>\n\t\t\t\t<\/div>\n\t\t\t\t<\/div>\n\t\t\t\t\t\t<\/div>\n\t\t\t\t\t<\/div>\n\t\t<\/div>\n\t\t\t\t\t\t\t\t<\/div>\n\t\t\t\t\t<\/div>\n\t\t<\/section>\n\t\t\t\t<section class=\"elementor-section elementor-top-section elementor-element elementor-element-502f73ce elementor-section-content-middle elementor-section-stretched elementor-section-full_width elementor-section-height-default elementor-section-height-default\" data-id=\"502f73ce\" data-element_type=\"section\" data-settings=\"{&quot;background_background&quot;:&quot;classic&quot;,&quot;stretch_section&quot;:&quot;section-stretched&quot;}\">\n\t\t\t\t\t\t<div class=\"elementor-container elementor-column-gap-no\">\n\t\t\t\t\t\t\t<div class=\"elementor-row\">\n\t\t\t\t\t<div class=\"elementor-column elementor-col-100 elementor-top-column elementor-element elementor-element-5a2b77db\" data-id=\"5a2b77db\" data-element_type=\"column\">\n\t\t\t<div class=\"elementor-column-wrap elementor-element-populated\">\n\t\t\t\t\t\t\t<div class=\"elementor-widget-wrap\">\n\t\t\t\t\t\t<div class=\"elementor-element elementor-element-25145c2c elementor-widget elementor-widget-heading\" data-id=\"25145c2c\" data-element_type=\"widget\" data-widget_type=\"heading.default\">\n\t\t\t\t<div class=\"elementor-widget-container\">\n\t\t\t<h4 class=\"elementor-heading-title elementor-size-default\">LE CAFE THEATRE BIBI COMEDIA<\/h4>\t\t<\/div>\n\t\t\t\t<\/div>\n\t\t\t\t<div class=\"elementor-element elementor-element-1b4d3244 elementor-widget elementor-widget-text-editor\" data-id=\"1b4d3244\" data-element_type=\"widget\" data-widget_type=\"text-editor.default\">\n\t\t\t\t<div class=\"elementor-widget-container\">\n\t\t\t\t\t\t\t\t<div class=\"elementor-text-editor elementor-clearfix\">\n\t\t\t\t<p>Venez d\u00e9couvrir un lieu de divertissement, un th\u00e9\u00e2tre au c\u0153ur de la ville de Saint-Rapha\u00ebl, o\u00f9 des moments de partage inoubliables sont pr\u00e9sents. Le th\u00e9\u00e2tre BIBI COMEDIA est un lieu incontournable de l\u2019humour ! Il a ouvert ses portes en Mars 2015 dans le quartier des Arts de la vieille ville de Saint-Rapha\u00ebl. Au th\u00e9\u00e2tre BIBI COMEDIA, vous pouvez trouver de nombreux genres, des one man show, des com\u00e9dies, des spectacles de Jazz, des pi\u00e8ces de th\u00e9\u00e2tre, des show musicaux en passant par les spectacles pour le jeune public. Le th\u00e9\u00e2tre BIBI COMEDIA est privatisable pour des repr\u00e9sentations exceptionnelles.<\/p><p>Le th\u00e9\u00e2tre est situ\u00e9 au 35, place chateaudun, \u00e0 c\u00f4t\u00e9 du centre culturel, du march\u00e9 r\u00e9publique et de l\u2019\u00e9glise des templiers de Saint-Rapha\u00ebl. Les parkings Cagnat, du Lido, Lamartine, Victor Hugo et Isnard se trouvent \u00e0 proximit\u00e9 du th\u00e9\u00e2tre. Le th\u00e9\u00e2tre BIBI COMEDIA peut accueillir 50 personnes. Un espace caf\u00e9 se trouve au fond du th\u00e9\u00e2tre. Apr\u00e8s chaque repr\u00e9sentations le public peut s\u2019il le souhaite discuter avec l\u2019artiste. Ce qui fait tout le charme d\u2019un caf\u00e9 th\u00e9\u00e2tre. Le th\u00e9\u00e2tre BIBI COMEDIA offre au public une programmation ouverte \u00e0 tous, sous le signe de la diversit\u00e9 : Th\u00e9\u00e2tre, chant, musique live, soir\u00e9es \u00e0 th\u00e8mes, conf\u00e9rences, organisation d\u2019\u00e9v\u00e8nements, expositions, vernissages. Pendant les vacances scolaires, des stages de th\u00e9\u00e2tre sont organis\u00e9s (Initiation au th\u00e9\u00e2tre, stage d\u2019impro\u2026). Une \u00e9cole de chant est \u00e9galement pr\u00e9sente au sein du BIBI COMEDIA.<\/p><p>Des artistes renomm\u00e9s comme Zize, Jean Fi Jeansens, Jean-Yves Lafesse\u2026 sont venus fouler les planches du BIBI COMEDIA.<\/p>\t\t\t\t\t<\/div>\n\t\t\t\t\t\t<\/div>\n\t\t\t\t<\/div>\n\t\t\t\t\t\t<\/div>\n\t\t\t\t\t<\/div>\n\t\t<\/div>\n\t\t\t\t\t\t\t\t<\/div>\n\t\t\t\t\t<\/div>\n\t\t<\/section>\n\t\t\t\t\t\t\t\t\t<\/div>\n\t\t\t<\/div>\n\t\t\t\t\t<\/div>\n\t\t","protected":false},"excerpt":{"rendered":"<p> <span class=\"read-more\"><a class=\"more-link btn btn-transparent\" href=\"https:\/\/www.bibicomedia.fr\/\"><\/a><\/span><\/p>\n","protected":false},"author":5,"featured_media":0,"parent":0,"menu_order":0,"comment_status":"closed","ping_status":"closed","template":"","meta":{"_coblocks_attr":"","_coblocks_dimensions":"","_coblocks_responsive_height":"","_coblocks_accordion_ie_support":"","_uag_custom_page_level_css":""},"uagb_featured_image_src":{"full":false,"thumbnail":false,"medium":false,"medium_large":false,"large":false,"1536x1536":false,"2048x2048":false,"post-thumbnail":false,"rock-star-slider":false,"rock-star-featured":false,"rock-star-landscape":false,"rock-star-small":false,"woocommerce_thumbnail":false,"woocommerce_single":false,"woocommerce_gallery_thumbnail":false},"uagb_author_info":{"display_name":"aurelie NICOLLET","author_link":"https:\/\/www.bibicomedia.fr\/index.php\/author\/t4aog6lep\/"},"uagb_comment_info":0,"uagb_excerpt":null,"_links":{"self":[{"href":"https:\/\/www.bibicomedia.fr\/index.php\/wp-json\/wp\/v2\/pages\/3941"}],"collection":[{"href":"https:\/\/www.bibicomedia.fr\/index.php\/wp-json\/wp\/v2\/pages"}],"about":[{"href":"https:\/\/www.bibicomedia.fr\/index.php\/wp-json\/wp\/v2\/types\/page"}],"author":[{"embeddable":true,"href":"https:\/\/www.bibicomedia.fr\/index.php\/wp-json\/wp\/v2\/users\/5"}],"replies":[{"embeddable":true,"href":"https:\/\/www.bibicomedia.fr\/index.php\/wp-json\/wp\/v2\/comments?post=3941"}],"version-history":[{"count":557,"href":"https:\/\/www.bibicomedia.fr\/index.php\/wp-json\/wp\/v2\/pages\/3941\/revisions"}],"predecessor-version":[{"id":12742,"href":"https:\/\/www.bibicomedia.fr\/index.php\/wp-json\/wp\/v2\/pages\/3941\/revisions\/12742"}],"wp:attachment":[{"href":"https:\/\/www.bibicomedia.fr\/index.php\/wp-json\/wp\/v2\/media?parent=3941"}],"curies":[{"name":"wp","href":"https:\/\/api.w.org\/{rel}","templated":true}]}}