{"id":11376,"date":"2025-10-27T15:04:34","date_gmt":"2025-10-27T14:04:34","guid":{"rendered":"https:\/\/www.bibicomedia.fr\/?post_type=product&#038;p=11376"},"modified":"2026-03-21T15:47:25","modified_gmt":"2026-03-21T14:47:25","slug":"daron-21-mars-20h","status":"publish","type":"product","link":"https:\/\/www.bibicomedia.fr\/index.php\/produit\/daron-21-mars-20h\/","title":{"rendered":"DARON &#8211; 21 Mars &#8211; 20h"},"content":{"rendered":"<p>Je r\u00e9serve mes places pour le spectacle \u00ab\u00a0# Daron\u00a0\u00bb<\/p>\n<p>Date :<strong> Samedi 21 Mars 2026<\/strong><\/p>\n<p>Heure : <strong>20 h<\/strong><\/p>\n<p>Lieu : <strong>Bibi Comedia<\/strong><\/p>\n<p>Ouverture des portes de votre th\u00e9\u00e2tre 30 minutes avant chaque repr\u00e9sentation.<\/p>\n","protected":false},"excerpt":{"rendered":"<p>Je r\u00e9serve mes places pour le spectacle \u00ab\u00a0# Daron\u00a0\u00bb<\/p>\n<p>Date :<strong> Samedi 21 Mars 2026<\/strong><\/p>\n<p>Heure : <strong>20 h<\/strong><\/p>\n<p>Lieu : <strong>Bibi Comedia<\/strong><\/p>\n<p>Ouverture des portes de votre th\u00e9\u00e2tre 30 minutes avant chaque repr\u00e9sentation. <span class=\"read-more\"><a class=\"more-link btn btn-transparent\" href=\"https:\/\/www.bibicomedia.fr\/index.php\/produit\/daron-21-mars-20h\/\"><\/a><\/span><\/p>\n","protected":false},"featured_media":11373,"template":"","meta":{"_coblocks_attr":"","_coblocks_dimensions":"","_coblocks_responsive_height":"","_coblocks_accordion_ie_support":"","_uag_custom_page_level_css":""},"product_cat":[207],"product_tag":[],"uagb_featured_image_src":{"full":["https:\/\/www.bibicomedia.fr\/wp-content\/uploads\/2025\/10\/Capture-decran-2025-10-27-a-14.46.00.png",490,486,false],"thumbnail":["https:\/\/www.bibicomedia.fr\/wp-content\/uploads\/2025\/10\/Capture-decran-2025-10-27-a-14.46.00-150x150.png",150,150,true],"medium":["https:\/\/www.bibicomedia.fr\/wp-content\/uploads\/2025\/10\/Capture-decran-2025-10-27-a-14.46.00-300x298.png",300,298,true],"medium_large":["https:\/\/www.bibicomedia.fr\/wp-content\/uploads\/2025\/10\/Capture-decran-2025-10-27-a-14.46.00.png",490,486,false],"large":["https:\/\/www.bibicomedia.fr\/wp-content\/uploads\/2025\/10\/Capture-decran-2025-10-27-a-14.46.00.png",490,486,false],"1536x1536":["https:\/\/www.bibicomedia.fr\/wp-content\/uploads\/2025\/10\/Capture-decran-2025-10-27-a-14.46.00.png",490,486,false],"2048x2048":["https:\/\/www.bibicomedia.fr\/wp-content\/uploads\/2025\/10\/Capture-decran-2025-10-27-a-14.46.00.png",490,486,false],"post-thumbnail":["https:\/\/www.bibicomedia.fr\/wp-content\/uploads\/2025\/10\/Capture-decran-2025-10-27-a-14.46.00-420x280.png",420,280,true],"rock-star-slider":["https:\/\/www.bibicomedia.fr\/wp-content\/uploads\/2025\/10\/Capture-decran-2025-10-27-a-14.46.00.png",490,486,false],"rock-star-featured":["https:\/\/www.bibicomedia.fr\/wp-content\/uploads\/2025\/10\/Capture-decran-2025-10-27-a-14.46.00.png",490,486,false],"rock-star-landscape":["https:\/\/www.bibicomedia.fr\/wp-content\/uploads\/2025\/10\/Capture-decran-2025-10-27-a-14.46.00-385x257.png",385,257,true],"rock-star-small":["https:\/\/www.bibicomedia.fr\/wp-content\/uploads\/2025\/10\/Capture-decran-2025-10-27-a-14.46.00-90x68.png",90,68,true],"woocommerce_thumbnail":["https:\/\/www.bibicomedia.fr\/wp-content\/uploads\/2025\/10\/Capture-decran-2025-10-27-a-14.46.00-300x300.png",300,300,true],"woocommerce_single":["https:\/\/www.bibicomedia.fr\/wp-content\/uploads\/2025\/10\/Capture-decran-2025-10-27-a-14.46.00.png",490,486,false],"woocommerce_gallery_thumbnail":["https:\/\/www.bibicomedia.fr\/wp-content\/uploads\/2025\/10\/Capture-decran-2025-10-27-a-14.46.00-100x100.png",100,100,true]},"uagb_author_info":{"display_name":"aurelie NICOLLET","author_link":"https:\/\/www.bibicomedia.fr\/index.php\/author\/"},"uagb_comment_info":0,"uagb_excerpt":"Je r\u00e9serve mes places pour le spectacle \"# Daron\" Date : Samedi 21 Mars 2026 Heure : 20 h Lieu : Bibi Comedia Ouverture des portes de votre th\u00e9\u00e2tre 30 minutes avant chaque repr\u00e9sentation.","_links":{"self":[{"href":"https:\/\/www.bibicomedia.fr\/index.php\/wp-json\/wp\/v2\/product\/11376"}],"collection":[{"href":"https:\/\/www.bibicomedia.fr\/index.php\/wp-json\/wp\/v2\/product"}],"about":[{"href":"https:\/\/www.bibicomedia.fr\/index.php\/wp-json\/wp\/v2\/types\/product"}],"wp:featuredmedia":[{"embeddable":true,"href":"https:\/\/www.bibicomedia.fr\/index.php\/wp-json\/wp\/v2\/media\/11373"}],"wp:attachment":[{"href":"https:\/\/www.bibicomedia.fr\/index.php\/wp-json\/wp\/v2\/media?parent=11376"}],"wp:term":[{"taxonomy":"product_cat","embeddable":true,"href":"https:\/\/www.bibicomedia.fr\/index.php\/wp-json\/wp\/v2\/product_cat?post=11376"},{"taxonomy":"product_tag","embeddable":true,"href":"https:\/\/www.bibicomedia.fr\/index.php\/wp-json\/wp\/v2\/product_tag?post=11376"}],"curies":[{"name":"wp","href":"https:\/\/api.w.org\/{rel}","templated":true}]}}

<p>Je réserve mes places pour le spectacle « # Daron »</p>
<p>Date :<strong> Samedi 21 Mars 2026</strong></p>
<p>Heure : <strong>20 h</strong></p>
<p>Lieu : <strong>Bibi Comedia</strong></p>
<p>Ouverture des portes de votre théâtre 30 minutes avant chaque représentation.</p>

<p>Je réserve mes places pour le spectacle « # Daron »</p>
<p>Date :<strong> Samedi 21 Mars 2026</strong></p>
<p>Heure : <strong>20 h</strong></p>
<p>Lieu : <strong>Bibi Comedia</strong></p>
<p>Ouverture des portes de votre théâtre 30 minutes avant chaque représentation. <span class="read-more"><a class="more-link btn btn-transparent" href="https://www.bibicomedia.fr/index.php/produit/daron-21-mars-20h/"></a></span></p>

Je réserve mes places pour le spectacle "# Daron" Date : Samedi 21 Mars 2026 Heure : 20 h Lieu : Bibi Comedia Ouverture des portes de votre théâtre 30 minutes avant chaque représentation.
