{"id":11555,"date":"2025-11-07T13:23:06","date_gmt":"2025-11-07T12:23:06","guid":{"rendered":"https:\/\/www.bibicomedia.fr\/?post_type=product&#038;p=11555"},"modified":"2026-03-16T08:58:49","modified_gmt":"2026-03-16T07:58:49","slug":"tombee-du-nid-14-mars-20h","status":"publish","type":"product","link":"https:\/\/www.bibicomedia.fr\/index.php\/produit\/tombee-du-nid-14-mars-20h\/","title":{"rendered":"TOMB\u00c9E DU NID &#8211; 14 Mars &#8211; 20h"},"content":{"rendered":"<p>Je r\u00e9serve mes places pour le spectacle \u00ab\u00a0Tomb\u00e9e du nid\u00a0\u00bb<\/p>\n<p>Date :<strong> Samedi 14 Mars 2026<\/strong><\/p>\n<p>Heure : <strong>20 h<\/strong><\/p>\n<p>Lieu : <strong>Bibi Comedia<\/strong><\/p>\n<p>Ouverture des portes de votre th\u00e9\u00e2tre 30 minutes avant chaque repr\u00e9sentation.<\/p>\n","protected":false},"excerpt":{"rendered":"<p>Je r\u00e9serve mes places pour le spectacle \u00ab\u00a0Tomb\u00e9e du nid\u00a0\u00bb<\/p>\n<p>Date :<strong> Samedi 14 Mars 2026<\/strong><\/p>\n<p>Heure : <strong>20 h<\/strong><\/p>\n<p>Lieu : <strong>Bibi Comedia<\/strong><\/p>\n<p>Ouverture des portes de votre th\u00e9\u00e2tre 30 minutes avant chaque repr\u00e9sentation. <span class=\"read-more\"><a class=\"more-link btn btn-transparent\" href=\"https:\/\/www.bibicomedia.fr\/index.php\/produit\/tombee-du-nid-14-mars-20h\/\"><\/a><\/span><\/p>\n","protected":false},"featured_media":11552,"template":"","meta":{"_coblocks_attr":"","_coblocks_dimensions":"","_coblocks_responsive_height":"","_coblocks_accordion_ie_support":"","_uag_custom_page_level_css":""},"product_cat":[213],"product_tag":[],"uagb_featured_image_src":{"full":["https:\/\/www.bibicomedia.fr\/wp-content\/uploads\/2025\/11\/Capture-decran-2025-11-07-a-11.29.31.png",488,484,false],"thumbnail":["https:\/\/www.bibicomedia.fr\/wp-content\/uploads\/2025\/11\/Capture-decran-2025-11-07-a-11.29.31-150x150.png",150,150,true],"medium":["https:\/\/www.bibicomedia.fr\/wp-content\/uploads\/2025\/11\/Capture-decran-2025-11-07-a-11.29.31-300x298.png",300,298,true],"medium_large":["https:\/\/www.bibicomedia.fr\/wp-content\/uploads\/2025\/11\/Capture-decran-2025-11-07-a-11.29.31.png",488,484,false],"large":["https:\/\/www.bibicomedia.fr\/wp-content\/uploads\/2025\/11\/Capture-decran-2025-11-07-a-11.29.31.png",488,484,false],"1536x1536":["https:\/\/www.bibicomedia.fr\/wp-content\/uploads\/2025\/11\/Capture-decran-2025-11-07-a-11.29.31.png",488,484,false],"2048x2048":["https:\/\/www.bibicomedia.fr\/wp-content\/uploads\/2025\/11\/Capture-decran-2025-11-07-a-11.29.31.png",488,484,false],"post-thumbnail":["https:\/\/www.bibicomedia.fr\/wp-content\/uploads\/2025\/11\/Capture-decran-2025-11-07-a-11.29.31-420x280.png",420,280,true],"rock-star-slider":["https:\/\/www.bibicomedia.fr\/wp-content\/uploads\/2025\/11\/Capture-decran-2025-11-07-a-11.29.31.png",488,484,false],"rock-star-featured":["https:\/\/www.bibicomedia.fr\/wp-content\/uploads\/2025\/11\/Capture-decran-2025-11-07-a-11.29.31.png",488,484,false],"rock-star-landscape":["https:\/\/www.bibicomedia.fr\/wp-content\/uploads\/2025\/11\/Capture-decran-2025-11-07-a-11.29.31-385x257.png",385,257,true],"rock-star-small":["https:\/\/www.bibicomedia.fr\/wp-content\/uploads\/2025\/11\/Capture-decran-2025-11-07-a-11.29.31-90x68.png",90,68,true],"woocommerce_thumbnail":["https:\/\/www.bibicomedia.fr\/wp-content\/uploads\/2025\/11\/Capture-decran-2025-11-07-a-11.29.31-300x300.png",300,300,true],"woocommerce_single":["https:\/\/www.bibicomedia.fr\/wp-content\/uploads\/2025\/11\/Capture-decran-2025-11-07-a-11.29.31.png",488,484,false],"woocommerce_gallery_thumbnail":["https:\/\/www.bibicomedia.fr\/wp-content\/uploads\/2025\/11\/Capture-decran-2025-11-07-a-11.29.31-100x100.png",100,100,true]},"uagb_author_info":{"display_name":"aurelie NICOLLET","author_link":"https:\/\/www.bibicomedia.fr\/index.php\/author\/"},"uagb_comment_info":0,"uagb_excerpt":"Je r\u00e9serve mes places pour le spectacle \"Tomb\u00e9e du nid\" Date : Samedi 14 Mars 2026 Heure : 20 h Lieu : Bibi Comedia Ouverture des portes de votre th\u00e9\u00e2tre 30 minutes avant chaque repr\u00e9sentation.","_links":{"self":[{"href":"https:\/\/www.bibicomedia.fr\/index.php\/wp-json\/wp\/v2\/product\/11555"}],"collection":[{"href":"https:\/\/www.bibicomedia.fr\/index.php\/wp-json\/wp\/v2\/product"}],"about":[{"href":"https:\/\/www.bibicomedia.fr\/index.php\/wp-json\/wp\/v2\/types\/product"}],"wp:featuredmedia":[{"embeddable":true,"href":"https:\/\/www.bibicomedia.fr\/index.php\/wp-json\/wp\/v2\/media\/11552"}],"wp:attachment":[{"href":"https:\/\/www.bibicomedia.fr\/index.php\/wp-json\/wp\/v2\/media?parent=11555"}],"wp:term":[{"taxonomy":"product_cat","embeddable":true,"href":"https:\/\/www.bibicomedia.fr\/index.php\/wp-json\/wp\/v2\/product_cat?post=11555"},{"taxonomy":"product_tag","embeddable":true,"href":"https:\/\/www.bibicomedia.fr\/index.php\/wp-json\/wp\/v2\/product_tag?post=11555"}],"curies":[{"name":"wp","href":"https:\/\/api.w.org\/{rel}","templated":true}]}}

TOMBÉE DU NID &#8211; 14 Mars &#8211; 20h

<p>Je réserve mes places pour le spectacle « Tombée du nid »</p>
<p>Date :<strong> Samedi 14 Mars 2026</strong></p>
<p>Heure : <strong>20 h</strong></p>
<p>Lieu : <strong>Bibi Comedia</strong></p>
<p>Ouverture des portes de votre théâtre 30 minutes avant chaque représentation.</p>

<p>Je réserve mes places pour le spectacle « Tombée du nid »</p>
<p>Date :<strong> Samedi 14 Mars 2026</strong></p>
<p>Heure : <strong>20 h</strong></p>
<p>Lieu : <strong>Bibi Comedia</strong></p>
<p>Ouverture des portes de votre théâtre 30 minutes avant chaque représentation. <span class="read-more"><a class="more-link btn btn-transparent" href="https://www.bibicomedia.fr/index.php/produit/tombee-du-nid-14-mars-20h/"></a></span></p>

Je réserve mes places pour le spectacle "Tombée du nid" Date : Samedi 14 Mars 2026 Heure : 20 h Lieu : Bibi Comedia Ouverture des portes de votre théâtre 30 minutes avant chaque représentation.
