{"id":11595,"date":"2025-11-10T10:28:25","date_gmt":"2025-11-10T09:28:25","guid":{"rendered":"https:\/\/www.bibicomedia.fr\/?post_type=product&#038;p=11595"},"modified":"2026-02-07T14:41:42","modified_gmt":"2026-02-07T13:41:42","slug":"fergus-7-fevrier-20h","status":"publish","type":"product","link":"https:\/\/www.bibicomedia.fr\/index.php\/produit\/fergus-7-fevrier-20h\/","title":{"rendered":"FERGUS 7 F\u00c9VRIER &#8211; 20h"},"content":{"rendered":"<p>Je r\u00e9serve mes places pour le spectacle \u00ab\u00a0Fergus &#8211; Pas c\u00f4t\u00e9 \u00e0 l&rsquo;argus\u00a0\u00bb<\/p>\n<p>Date :<strong> Samedi 7 F\u00e9vrier 2026<\/strong><\/p>\n<p>Heure : <strong>20 h<\/strong><\/p>\n<p>Lieu : <strong>Bibi Comedia<\/strong><\/p>\n<p>Ouverture des portes de votre th\u00e9\u00e2tre 30 minutes avant chaque repr\u00e9sentation.<\/p>\n","protected":false},"excerpt":{"rendered":"<p>Je r\u00e9serve mes places pour le spectacle \u00ab\u00a0Fergus &#8211; Pas c\u00f4t\u00e9 \u00e0 l&rsquo;argus\u00a0\u00bb<\/p>\n<p>Date :<strong> Samedi 7 F\u00e9vrier 2026<\/strong><\/p>\n<p>Heure : <strong>20 h<\/strong><\/p>\n<p>Lieu : <strong>Bibi Comedia<\/strong><\/p>\n<p>Ouverture des portes de votre th\u00e9\u00e2tre 30 minutes avant chaque repr\u00e9sentation. <span class=\"read-more\"><a class=\"more-link btn btn-transparent\" href=\"https:\/\/www.bibicomedia.fr\/index.php\/produit\/fergus-7-fevrier-20h\/\"><\/a><\/span><\/p>\n","protected":false},"featured_media":11592,"template":"","meta":{"_coblocks_attr":"","_coblocks_dimensions":"","_coblocks_responsive_height":"","_coblocks_accordion_ie_support":"","_uag_custom_page_level_css":""},"product_cat":[31],"product_tag":[],"uagb_featured_image_src":{"full":["https:\/\/www.bibicomedia.fr\/wp-content\/uploads\/2025\/11\/Capture-decran-2025-11-10-a-10.23.25.png",486,484,false],"thumbnail":["https:\/\/www.bibicomedia.fr\/wp-content\/uploads\/2025\/11\/Capture-decran-2025-11-10-a-10.23.25-150x150.png",150,150,true],"medium":["https:\/\/www.bibicomedia.fr\/wp-content\/uploads\/2025\/11\/Capture-decran-2025-11-10-a-10.23.25-300x300.png",300,300,true],"medium_large":["https:\/\/www.bibicomedia.fr\/wp-content\/uploads\/2025\/11\/Capture-decran-2025-11-10-a-10.23.25.png",486,484,false],"large":["https:\/\/www.bibicomedia.fr\/wp-content\/uploads\/2025\/11\/Capture-decran-2025-11-10-a-10.23.25.png",486,484,false],"1536x1536":["https:\/\/www.bibicomedia.fr\/wp-content\/uploads\/2025\/11\/Capture-decran-2025-11-10-a-10.23.25.png",486,484,false],"2048x2048":["https:\/\/www.bibicomedia.fr\/wp-content\/uploads\/2025\/11\/Capture-decran-2025-11-10-a-10.23.25.png",486,484,false],"post-thumbnail":["https:\/\/www.bibicomedia.fr\/wp-content\/uploads\/2025\/11\/Capture-decran-2025-11-10-a-10.23.25-420x280.png",420,280,true],"rock-star-slider":["https:\/\/www.bibicomedia.fr\/wp-content\/uploads\/2025\/11\/Capture-decran-2025-11-10-a-10.23.25.png",486,484,false],"rock-star-featured":["https:\/\/www.bibicomedia.fr\/wp-content\/uploads\/2025\/11\/Capture-decran-2025-11-10-a-10.23.25.png",486,484,false],"rock-star-landscape":["https:\/\/www.bibicomedia.fr\/wp-content\/uploads\/2025\/11\/Capture-decran-2025-11-10-a-10.23.25-385x257.png",385,257,true],"rock-star-small":["https:\/\/www.bibicomedia.fr\/wp-content\/uploads\/2025\/11\/Capture-decran-2025-11-10-a-10.23.25-90x68.png",90,68,true],"woocommerce_thumbnail":["https:\/\/www.bibicomedia.fr\/wp-content\/uploads\/2025\/11\/Capture-decran-2025-11-10-a-10.23.25-300x300.png",300,300,true],"woocommerce_single":["https:\/\/www.bibicomedia.fr\/wp-content\/uploads\/2025\/11\/Capture-decran-2025-11-10-a-10.23.25.png",486,484,false],"woocommerce_gallery_thumbnail":["https:\/\/www.bibicomedia.fr\/wp-content\/uploads\/2025\/11\/Capture-decran-2025-11-10-a-10.23.25-100x100.png",100,100,true]},"uagb_author_info":{"display_name":"aurelie NICOLLET","author_link":"https:\/\/www.bibicomedia.fr\/index.php\/author\/"},"uagb_comment_info":0,"uagb_excerpt":"Je r\u00e9serve mes places pour le spectacle \"Fergus - Pas c\u00f4t\u00e9 \u00e0 l'argus\" Date : Samedi 7 F\u00e9vrier 2026 Heure : 20 h Lieu : Bibi Comedia Ouverture des portes de votre th\u00e9\u00e2tre 30 minutes avant chaque repr\u00e9sentation.","_links":{"self":[{"href":"https:\/\/www.bibicomedia.fr\/index.php\/wp-json\/wp\/v2\/product\/11595"}],"collection":[{"href":"https:\/\/www.bibicomedia.fr\/index.php\/wp-json\/wp\/v2\/product"}],"about":[{"href":"https:\/\/www.bibicomedia.fr\/index.php\/wp-json\/wp\/v2\/types\/product"}],"wp:featuredmedia":[{"embeddable":true,"href":"https:\/\/www.bibicomedia.fr\/index.php\/wp-json\/wp\/v2\/media\/11592"}],"wp:attachment":[{"href":"https:\/\/www.bibicomedia.fr\/index.php\/wp-json\/wp\/v2\/media?parent=11595"}],"wp:term":[{"taxonomy":"product_cat","embeddable":true,"href":"https:\/\/www.bibicomedia.fr\/index.php\/wp-json\/wp\/v2\/product_cat?post=11595"},{"taxonomy":"product_tag","embeddable":true,"href":"https:\/\/www.bibicomedia.fr\/index.php\/wp-json\/wp\/v2\/product_tag?post=11595"}],"curies":[{"name":"wp","href":"https:\/\/api.w.org\/{rel}","templated":true}]}}

FERGUS 7 FÉVRIER &#8211; 20h

<p>Je réserve mes places pour le spectacle « Fergus &#8211; Pas côté à l&rsquo;argus »</p>
<p>Date :<strong> Samedi 7 Février 2026</strong></p>
<p>Heure : <strong>20 h</strong></p>
<p>Lieu : <strong>Bibi Comedia</strong></p>
<p>Ouverture des portes de votre théâtre 30 minutes avant chaque représentation.</p>

<p>Je réserve mes places pour le spectacle « Fergus &#8211; Pas côté à l&rsquo;argus »</p>
<p>Date :<strong> Samedi 7 Février 2026</strong></p>
<p>Heure : <strong>20 h</strong></p>
<p>Lieu : <strong>Bibi Comedia</strong></p>
<p>Ouverture des portes de votre théâtre 30 minutes avant chaque représentation. <span class="read-more"><a class="more-link btn btn-transparent" href="https://www.bibicomedia.fr/index.php/produit/fergus-7-fevrier-20h/"></a></span></p>

Je réserve mes places pour le spectacle "Fergus - Pas côté à l'argus" Date : Samedi 7 Février 2026 Heure : 20 h Lieu : Bibi Comedia Ouverture des portes de votre théâtre 30 minutes avant chaque représentation.
