{"id":9406,"date":"2024-06-11T13:53:19","date_gmt":"2024-06-11T11:53:19","guid":{"rendered":"https:\/\/www.bibicomedia.fr\/?post_type=product&#038;p=9406"},"modified":"2024-11-08T11:11:08","modified_gmt":"2024-11-08T10:11:08","slug":"alzheimere-8-novembre-21h","status":"publish","type":"product","link":"https:\/\/www.bibicomedia.fr\/index.php\/produit\/alzheimere-8-novembre-21h\/","title":{"rendered":"ALZHEI&rsquo;M\u00c8RE 8 NOVEMBRE &#8211; 21h"},"content":{"rendered":"<p>Je r\u00e9serve mes places pour le spectacle de Sophie Belvisi \u00ab\u00a0Alzhei&rsquo;m\u00e8re\u00a0\u00bb<\/p>\n<p>Date :<strong> Vendredi 8 Novembre 2024<\/strong><\/p>\n<p>Heure : <strong>21 h<\/strong><\/p>\n<p>Lieu : <strong>Bibi Comedia<\/strong><\/p>\n<p>Ouverture des portes de votre th\u00e9\u00e2tre 30 minutes avant chaque repr\u00e9sentation.<\/p>\n","protected":false},"excerpt":{"rendered":"<p>Je r\u00e9serve mes places pour le spectacle de Sophie Belvisi \u00ab\u00a0Alzhei&rsquo;m\u00e8re\u00a0\u00bb<\/p>\n<p>Date :<strong> Vendredi 8 Novembre 2024<\/strong><\/p>\n<p>Heure : <strong>21 h<\/strong><\/p>\n<p>Lieu : <strong>Bibi Comedia<\/strong><\/p>\n<p>Ouverture des portes de votre th\u00e9\u00e2tre 30 minutes avant chaque repr\u00e9sentation. <span class=\"read-more\"><a class=\"more-link btn btn-transparent\" href=\"https:\/\/www.bibicomedia.fr\/index.php\/produit\/alzheimere-8-novembre-21h\/\"><\/a><\/span><\/p>\n","protected":false},"featured_media":9402,"template":"","meta":{"_coblocks_attr":"","_coblocks_dimensions":"","_coblocks_responsive_height":"","_coblocks_accordion_ie_support":"","_uag_custom_page_level_css":""},"product_cat":[147],"product_tag":[],"uagb_featured_image_src":{"full":["https:\/\/www.bibicomedia.fr\/wp-content\/uploads\/2023\/05\/Capture-decran-2024-06-11-a-13.47.46.png",488,486,false],"thumbnail":["https:\/\/www.bibicomedia.fr\/wp-content\/uploads\/2023\/05\/Capture-decran-2024-06-11-a-13.47.46-150x150.png",150,150,true],"medium":["https:\/\/www.bibicomedia.fr\/wp-content\/uploads\/2023\/05\/Capture-decran-2024-06-11-a-13.47.46-300x300.png",300,300,true],"medium_large":["https:\/\/www.bibicomedia.fr\/wp-content\/uploads\/2023\/05\/Capture-decran-2024-06-11-a-13.47.46.png",488,486,false],"large":["https:\/\/www.bibicomedia.fr\/wp-content\/uploads\/2023\/05\/Capture-decran-2024-06-11-a-13.47.46.png",488,486,false],"1536x1536":["https:\/\/www.bibicomedia.fr\/wp-content\/uploads\/2023\/05\/Capture-decran-2024-06-11-a-13.47.46.png",488,486,false],"2048x2048":["https:\/\/www.bibicomedia.fr\/wp-content\/uploads\/2023\/05\/Capture-decran-2024-06-11-a-13.47.46.png",488,486,false],"post-thumbnail":["https:\/\/www.bibicomedia.fr\/wp-content\/uploads\/2023\/05\/Capture-decran-2024-06-11-a-13.47.46-420x280.png",420,280,true],"rock-star-slider":["https:\/\/www.bibicomedia.fr\/wp-content\/uploads\/2023\/05\/Capture-decran-2024-06-11-a-13.47.46.png",488,486,false],"rock-star-featured":["https:\/\/www.bibicomedia.fr\/wp-content\/uploads\/2023\/05\/Capture-decran-2024-06-11-a-13.47.46.png",488,486,false],"rock-star-landscape":["https:\/\/www.bibicomedia.fr\/wp-content\/uploads\/2023\/05\/Capture-decran-2024-06-11-a-13.47.46-385x257.png",385,257,true],"rock-star-small":["https:\/\/www.bibicomedia.fr\/wp-content\/uploads\/2023\/05\/Capture-decran-2024-06-11-a-13.47.46-90x68.png",90,68,true],"woocommerce_thumbnail":["https:\/\/www.bibicomedia.fr\/wp-content\/uploads\/2023\/05\/Capture-decran-2024-06-11-a-13.47.46-300x300.png",300,300,true],"woocommerce_single":["https:\/\/www.bibicomedia.fr\/wp-content\/uploads\/2023\/05\/Capture-decran-2024-06-11-a-13.47.46.png",488,486,false],"woocommerce_gallery_thumbnail":["https:\/\/www.bibicomedia.fr\/wp-content\/uploads\/2023\/05\/Capture-decran-2024-06-11-a-13.47.46-100x100.png",100,100,true]},"uagb_author_info":{"display_name":"aurelie NICOLLET","author_link":"https:\/\/www.bibicomedia.fr\/index.php\/author\/"},"uagb_comment_info":0,"uagb_excerpt":"Je r\u00e9serve mes places pour le spectacle de Sophie Belvisi \"Alzhei'm\u00e8re\" Date : Vendredi 8 Novembre 2024 Heure : 21 h Lieu : Bibi Comedia Ouverture des portes de votre th\u00e9\u00e2tre 30 minutes avant chaque repr\u00e9sentation.","_links":{"self":[{"href":"https:\/\/www.bibicomedia.fr\/index.php\/wp-json\/wp\/v2\/product\/9406"}],"collection":[{"href":"https:\/\/www.bibicomedia.fr\/index.php\/wp-json\/wp\/v2\/product"}],"about":[{"href":"https:\/\/www.bibicomedia.fr\/index.php\/wp-json\/wp\/v2\/types\/product"}],"wp:featuredmedia":[{"embeddable":true,"href":"https:\/\/www.bibicomedia.fr\/index.php\/wp-json\/wp\/v2\/media\/9402"}],"wp:attachment":[{"href":"https:\/\/www.bibicomedia.fr\/index.php\/wp-json\/wp\/v2\/media?parent=9406"}],"wp:term":[{"taxonomy":"product_cat","embeddable":true,"href":"https:\/\/www.bibicomedia.fr\/index.php\/wp-json\/wp\/v2\/product_cat?post=9406"},{"taxonomy":"product_tag","embeddable":true,"href":"https:\/\/www.bibicomedia.fr\/index.php\/wp-json\/wp\/v2\/product_tag?post=9406"}],"curies":[{"name":"wp","href":"https:\/\/api.w.org\/{rel}","templated":true}]}}

ALZHEI&rsquo;MÈRE 8 NOVEMBRE &#8211; 21h

<p>Je réserve mes places pour le spectacle de Sophie Belvisi « Alzhei&rsquo;mère »</p>
<p>Date :<strong> Vendredi 8 Novembre 2024</strong></p>
<p>Heure : <strong>21 h</strong></p>
<p>Lieu : <strong>Bibi Comedia</strong></p>
<p>Ouverture des portes de votre théâtre 30 minutes avant chaque représentation.</p>

<p>Je réserve mes places pour le spectacle de Sophie Belvisi « Alzhei&rsquo;mère »</p>
<p>Date :<strong> Vendredi 8 Novembre 2024</strong></p>
<p>Heure : <strong>21 h</strong></p>
<p>Lieu : <strong>Bibi Comedia</strong></p>
<p>Ouverture des portes de votre théâtre 30 minutes avant chaque représentation. <span class="read-more"><a class="more-link btn btn-transparent" href="https://www.bibicomedia.fr/index.php/produit/alzheimere-8-novembre-21h/"></a></span></p>

Je réserve mes places pour le spectacle de Sophie Belvisi "Alzhei'mère" Date : Vendredi 8 Novembre 2024 Heure : 21 h Lieu : Bibi Comedia Ouverture des portes de votre théâtre 30 minutes avant chaque représentation.
